{"version":"1.0","provider_name":"Partener Collective","provider_url":"https:\/\/partenercollective.com\/en","title":"Nieve de Medina - Partener Collective","type":"rich","width":600,"height":338,"html":"<blockquote class=\"wp-embedded-content\" data-secret=\"W2pE2FZd6j\"><a href=\"https:\/\/partenercollective.com\/en\/profesionales\/coach\/nieve-de-medina\/\">Medina Snow<\/a><\/blockquote><iframe sandbox=\"allow-scripts\" security=\"restricted\" src=\"https:\/\/partenercollective.com\/en\/profesionales\/coach\/nieve-de-medina\/embed\/#?secret=W2pE2FZd6j\" width=\"600\" height=\"338\" title=\"&#8220;Nieve de Medina&#8221; &#8212; Partener Collective\" data-secret=\"W2pE2FZd6j\" frameborder=\"0\" marginwidth=\"0\" marginheight=\"0\" scrolling=\"no\" class=\"wp-embedded-content\"><\/iframe><script>\n\/*! This file is auto-generated *\/\n!function(d,l){\"use strict\";l.querySelector&&d.addEventListener&&\"undefined\"!=typeof URL&&(d.wp=d.wp||{},d.wp.receiveEmbedMessage||(d.wp.receiveEmbedMessage=function(e){var t=e.data;if((t||t.secret||t.message||t.value)&&!\/[^a-zA-Z0-9]\/.test(t.secret)){for(var s,r,n,a=l.querySelectorAll('iframe[data-secret=\"'+t.secret+'\"]'),o=l.querySelectorAll('blockquote[data-secret=\"'+t.secret+'\"]'),c=new RegExp(\"^https?:$\",\"i\"),i=0;i<o.length;i++)o[i].style.display=\"none\";for(i=0;i<a.length;i++)s=a[i],e.source===s.contentWindow&&(s.removeAttribute(\"style\"),\"height\"===t.message?(1e3<(r=parseInt(t.value,10))?r=1e3:~~r<200&&(r=200),s.height=r):\"link\"===t.message&&(r=new URL(s.getAttribute(\"src\")),n=new URL(t.value),c.test(n.protocol))&&n.host===r.host&&l.activeElement===s&&(d.top.location.href=t.value))}},d.addEventListener(\"message\",d.wp.receiveEmbedMessage,!1),l.addEventListener(\"DOMContentLoaded\",function(){for(var e,t,s=l.querySelectorAll(\"iframe.wp-embedded-content\"),r=0;r<s.length;r++)(t=(e=s[r]).getAttribute(\"data-secret\"))||(t=Math.random().toString(36).substring(2,12),e.src+=\"#?secret=\"+t,e.setAttribute(\"data-secret\",t)),e.contentWindow.postMessage({message:\"ready\",secret:t},\"*\")},!1)))}(window,document);\n\/\/# sourceURL=https:\/\/partenercollective.com\/wp-includes\/js\/wp-embed.min.js\n<\/script>","thumbnail_url":"https:\/\/partenercollective.com\/wp-content\/uploads\/2024\/04\/foto-nieve.jpg","thumbnail_width":800,"thumbnail_height":800,"description":"Actriz formada en El Laboratorio Teatral de W.Layton completa su formaci\u00f3n como titulada superior en Direcci\u00f3n de escena por la\u00a0Resad. \u00daltimos Trabajos: Teatro: \u201cCarmi\u00f1a\u201d mon\u00f3logo para el Teatro del Barrio sobre la\u00a0vida de Carmen Mart\u00edn Gaite. \u201cConsentimiento\u201d de Nina Raine para el CDN, \u201cModelos Animales\u201d dirigido por Pablo Iglesias Sim\u00f3n, para Cuarta Pared. \u201cHamlet\u201d (Juan Diego Botto) \u201cLa Tierra\u201d de Javier Yag\u00fce. Cine: \u201cEl Agua\u201d de Elena L\u00f3pez Riera estrenada en Cannes, \u201cLa Madre\u201d de Alberto Morais,\u00a0\u201c2 francos, 40 pesetas\u00a0\u201cy\u00a0\u201c1 franco, 14 pesetas\u201d\u00a0de Carlos Iglesias,\u00a0\u201cAvant l\u00b4oubli\u201c de Agustin Burger, \u00a0\u201cLos lunes al sol\u201d\u00a0de Fernando L. De Aranoa,\u00a0\u201cEl Bola\u201d\u00a0de Achero Ma\u00f1as.\u00a0 Televisi\u00f3n.\u00a0Participa en series como:\u00a0 \u201cDias Mejores\u201d, (Arantxa Echevarr\u00eda) \u201cVestidas de Azul\u201d,\u00a0 (Claudia Costafreda\/ Los\u00a0 Javis) \u201cEl Ministerio del tiempo\u201d, \u201cBrigada Costa del Sol\u201d, \u201cA 45 rpm\u201d, \u201cCu\u00e9ntame\u201d entre otras muchas.  Como\u00a0autora: Ha estrenado en Los Teatros del Canal \u201dFinados y Confinados\u201d. En el Teatro Lara \u201cNi con el p\u00e9talo de una rosa\u201d\u00a0. Ha producido y dirigido\u00a0el documental \u201cPor si te vas te quedas\u201d. Su segundo documental \u201cNormalidad2020\u201d se estrenar\u00e1 en Enero 2024. Tiene varios cuentos escritos, guiones y alguna obra de teatro sin estrenar. En 2003, con la pel\u00edcula;\u00a0\u201cLos lunes al sol\u201d, obtuvo la nominaci\u00f3n a mejor actriz revelaci\u00f3n en los Premios Goya. Fue nominada a los premios Bafta. Ganadora de dos Premios Uni\u00f3n de Actores como actriz secundaria y revelaci\u00f3n.\u00a0Ganadora del Premio Mejor Actriz Secundaria Premios CEC. entre otros. Es una entusiasta del cortometraje tiene unos quince en su cv por los que ha sido reconocida con\u00a0 premios."}

Actriz formada en El Laboratorio Teatral de W.Layton completa su formación como titulada superior en Dirección de escena por la Resad. Últimos Trabajos: Teatro: “Carmiña” monólogo para el Teatro del Barrio sobre la vida de Carmen Martín Gaite. “Consentimiento” de Nina Raine para el CDN, “Modelos Animales” dirigido por Pablo Iglesias Simón, para Cuarta Pared. “Hamlet” (Juan Diego Botto) “La Tierra” de Javier Yagüe. Cine: “El Agua” de Elena López Riera estrenada en Cannes, “La Madre” de Alberto Morais, “2 francos, 40 pesetas “y “1 franco, 14 pesetas” de Carlos Iglesias, “Avant l´oubli“ de Agustin Burger,  “Los lunes al sol” de Fernando L. De Aranoa, “El Bola” de Achero Mañas.  Televisión. Participa en series como:  “Dias Mejores”, (Arantxa Echevarría) “Vestidas de Azul”,  (Claudia Costafreda/ Los  Javis) “El Ministerio del tiempo”, “Brigada Costa del Sol”, “A 45 rpm”, “Cuéntame” entre otras muchas.  Como autora: Ha estrenado en Los Teatros del Canal ”Finados y Confinados”. En el Teatro Lara “Ni con el pétalo de una rosa” . Ha producido y dirigido el documental “Por si te vas te quedas”. Su segundo documental “Normalidad2020” se estrenará en Enero 2024. Tiene varios cuentos escritos, guiones y alguna obra de teatro sin estrenar. En 2003, con la película; “Los lunes al sol”, obtuvo la nominación a mejor actriz revelación en los Premios Goya. Fue nominada a los premios Bafta. Ganadora de dos Premios Unión de Actores como actriz secundaria y revelación. Ganadora del Premio Mejor Actriz Secundaria Premios CEC. entre otros. Es una entusiasta del cortometraje tiene unos quince en su cv por los que ha sido reconocida con  premios.
